[INFO] fetching crate metatype 0.2.0...
[INFO] checking metatype-0.2.0 against master#cfbc6d4cf1acbac5c025acf8ed68929caa551df3 for pr-75494-beta
[INFO] extracting crate metatype 0.2.0 into /workspace/builds/worker-7/source
[INFO] validating manifest of crates.io crate metatype 0.2.0 on toolchain cfbc6d4cf1acbac5c025acf8ed68929caa551df3
[INFO] running `Command { std: "/workspace/cargo-home/bin/cargo" "+cfbc6d4cf1acbac5c025acf8ed68929caa551df3" "read-manifest" "--manifest-path" "Cargo.toml", kill_on_drop: false }`
[INFO] started tweaking crates.io crate metatype 0.2.0
[INFO] finished tweaking crates.io crate metatype 0.2.0
[INFO] tweaked toml for crates.io crate metatype 0.2.0 written to /workspace/builds/worker-7/source/Cargo.toml
[INFO] running `Command { std: "/workspace/cargo-home/bin/cargo" "+cfbc6d4cf1acbac5c025acf8ed68929caa551df3" "generate-lockfile" "--manifest-path" "Cargo.toml" "-Zno-index-update", kill_on_drop: false }`
[INFO] running `Command { std: "/workspace/cargo-home/bin/cargo" "+cfbc6d4cf1acbac5c025acf8ed68929caa551df3" "fetch" "--locked" "--manifest-path" "Cargo.toml", kill_on_drop: false }`
[INFO] running `Command { std: "docker" "create" "-v" "/var/lib/crater-agent-workspace/builds/worker-7/target:/opt/rustwide/target:rw,Z" "-v" "/var/lib/crater-agent-workspace/builds/worker-7/source:/opt/rustwide/workdir:ro,Z" "-v" "/var/lib/crater-agent-workspace/cargo-home:/opt/rustwide/cargo-home:ro,Z" "-v" "/var/lib/crater-agent-workspace/rustup-home:/opt/rustwide/rustup-home:ro,Z" "-e" "SOURCE_DIR=/opt/rustwide/workdir" "-e" "CARGO_TARGET_DIR=/opt/rustwide/target" "-e" "CARGO_HOME=/opt/rustwide/cargo-home" "-e" "RUSTUP_HOME=/opt/rustwide/rustup-home" "-w" "/opt/rustwide/workdir" "-m" "1610612736" "--user" "0:0" "--network" "none" "rustops/crates-build-env@sha256:a636fd89d022f18117e1dc8fb37a0a009933cdbbe082814857f0e2024962d47c" "/opt/rustwide/cargo-home/bin/cargo" "+cfbc6d4cf1acbac5c025acf8ed68929caa551df3" "metadata" "--no-deps" "--format-version=1", kill_on_drop: false }`
[INFO] [stderr] WARNING: Your kernel does not support swap limit capabilities or the cgroup is not mounted. Memory limited without swap.
[INFO] [stdout] 3a0b296e7356817f361304728283085efbb18df9d272ef20eed27494ef6a8e24
[INFO] running `Command { std: "docker" "start" "-a" "3a0b296e7356817f361304728283085efbb18df9d272ef20eed27494ef6a8e24", kill_on_drop: false }`
[INFO] running `Command { std: "docker" "inspect" "3a0b296e7356817f361304728283085efbb18df9d272ef20eed27494ef6a8e24", kill_on_drop: false }`
[INFO] running `Command { std: "docker" "rm" "-f" "3a0b296e7356817f361304728283085efbb18df9d272ef20eed27494ef6a8e24", kill_on_drop: false }`
[INFO] [stdout] 3a0b296e7356817f361304728283085efbb18df9d272ef20eed27494ef6a8e24
[INFO] running `Command { std: "docker" "create" "-v" "/var/lib/crater-agent-workspace/builds/worker-7/target:/opt/rustwide/target:rw,Z" "-v" "/var/lib/crater-agent-workspace/builds/worker-7/source:/opt/rustwide/workdir:ro,Z" "-v" "/var/lib/crater-agent-workspace/cargo-home:/opt/rustwide/cargo-home:ro,Z" "-v" "/var/lib/crater-agent-workspace/rustup-home:/opt/rustwide/rustup-home:ro,Z" "-e" "SOURCE_DIR=/opt/rustwide/workdir" "-e" "CARGO_TARGET_DIR=/opt/rustwide/target" "-e" "CARGO_INCREMENTAL=0" "-e" "RUST_BACKTRACE=full" "-e" "RUSTFLAGS=--cap-lints=forbid" "-e" "CARGO_HOME=/opt/rustwide/cargo-home" "-e" "RUSTUP_HOME=/opt/rustwide/rustup-home" "-w" "/opt/rustwide/workdir" "-m" "1610612736" "--user" "0:0" "--network" "none" "rustops/crates-build-env@sha256:a636fd89d022f18117e1dc8fb37a0a009933cdbbe082814857f0e2024962d47c" "/opt/rustwide/cargo-home/bin/cargo" "+cfbc6d4cf1acbac5c025acf8ed68929caa551df3" "check" "--frozen" "--all" "--all-targets" "--message-format=json", kill_on_drop: false }`
[INFO] [stdout] 7530ca9979bd2e505a9b678b98ac5bfa0a4d2e89caf1463b9cc617221f921066
[INFO] [stderr] WARNING: Your kernel does not support swap limit capabilities or the cgroup is not mounted. Memory limited without swap.
[INFO] running `Command { std: "docker" "start" "-a" "7530ca9979bd2e505a9b678b98ac5bfa0a4d2e89caf1463b9cc617221f921066", kill_on_drop: false }`
[INFO] [stderr]     Checking metatype v0.2.0 (/opt/rustwide/workdir)
[INFO] [stdout] error[E0554]: `#![feature]` may not be used on the beta release channel
[INFO] [stdout]   --> src/lib.rs:34:1
[INFO] [stdout]    |
[INFO] [stdout] 34 | #![feature(arbitrary_self_types)]
[INFO] [stdout]    | ^^^^^^^^^^^^^^^^^^^^^^^^^^^^^^^^^
[INFO] [stdout] 
[INFO] [stdout] 
[INFO] [stdout] error[E0554]: `#![feature]` may not be used on the beta release channel
[INFO] [stdout]   --> src/lib.rs:35:1
[INFO] [stdout]    |
[INFO] [stdout] 35 | #![feature(raw)]
[INFO] [stdout]    | ^^^^^^^^^^^^^^^^
[INFO] [stdout] 
[INFO] [stdout] 
[INFO] [stdout] error[E0554]: `#![feature]` may not be used on the beta release channel
[INFO] [stdout]   --> src/lib.rs:36:1
[INFO] [stdout]    |
[INFO] [stdout] 36 | #![feature(slice_from_raw_parts)]
[INFO] [stdout]    | ^^^^^^^^^^^^^^^^^^^^^^^^^^^^^^^^^
[INFO] [stdout] 
[INFO] [stdout] 
[INFO] [stdout] error[E0554]: `#![feature]` may not be used on the beta release channel
[INFO] [stdout]   --> src/lib.rs:37:1
[INFO] [stdout]    |
[INFO] [stdout] 37 | #![feature(specialization)]
[INFO] [stdout]    | ^^^^^^^^^^^^^^^^^^^^^^^^^^^
[INFO] [stdout] 
[INFO] [stdout] 
[INFO] [stdout] warning: the feature `specialization` is incomplete and may not be safe to use and/or cause compiler crashes
[INFO] [stdout]   --> src/lib.rs:37:12
[INFO] [stdout]    |
[INFO] [stdout] 37 | #![feature(specialization)]
[INFO] [stdout]    |            ^^^^^^^^^^^^^^
[INFO] [stdout]    |
[INFO] [stdout]    = note: `#[warn(incomplete_features)]` on by default
[INFO] [stdout]    = note: see issue #31844 <https://github.com/rust-lang/rust/issues/31844> for more information
[INFO] [stdout] 
[INFO] [stdout] 
[INFO] [stdout] error[E0554]: `#![feature]` may not be used on the beta release channel
[INFO] [stdout]   --> src/lib.rs:34:1
[INFO] [stdout]    |
[INFO] [stdout] 34 | #![feature(arbitrary_self_types)]
[INFO] [stdout]    | ^^^^^^^^^^^^^^^^^^^^^^^^^^^^^^^^^
[INFO] [stdout] 
[INFO] [stdout] 
[INFO] [stdout] error[E0554]: `#![feature]` may not be used on the beta release channel
[INFO] [stdout]   --> src/lib.rs:35:1
[INFO] [stdout]    |
[INFO] [stdout] 35 | #![feature(raw)]
[INFO] [stdout]    | ^^^^^^^^^^^^^^^^
[INFO] [stdout] 
[INFO] [stdout] 
[INFO] [stdout] error[E0554]: `#![feature]` may not be used on the beta release channel
[INFO] [stdout]   --> src/lib.rs:36:1
[INFO] [stdout]    |
[INFO] [stdout] 36 | #![feature(slice_from_raw_parts)]
[INFO] [stdout]    | ^^^^^^^^^^^^^^^^^^^^^^^^^^^^^^^^^
[INFO] [stdout] 
[INFO] [stdout] 
[INFO] [stdout] error[E0554]: `#![feature]` may not be used on the beta release channel
[INFO] [stdout]   --> src/lib.rs:37:1
[INFO] [stdout]    |
[INFO] [stdout] 37 | #![feature(specialization)]
[INFO] [stdout]    | ^^^^^^^^^^^^^^^^^^^^^^^^^^^
[INFO] [stdout] 
[INFO] [stdout] 
[INFO] [stdout] warning: the feature `specialization` is incomplete and may not be safe to use and/or cause compiler crashes
[INFO] [stdout]   --> src/lib.rs:37:12
[INFO] [stdout]    |
[INFO] [stdout] 37 | #![feature(specialization)]
[INFO] [stdout]    |            ^^^^^^^^^^^^^^
[INFO] [stdout]    |
[INFO] [stdout]    = note: `#[warn(incomplete_features)]` on by default
[INFO] [stdout]    = note: see issue #31844 <https://github.com/rust-lang/rust/issues/31844> for more information
[INFO] [stdout] 
[INFO] [stdout] 
[INFO] [stderr] error: could not compile `metatype`.
[INFO] [stdout] error: aborting due to 4 previous errors; 1 warning emitted
[INFO] [stdout] 
[INFO] [stdout] 
[INFO] [stderr] 
[INFO] [stdout] For more information about this error, try `rustc --explain E0554`.
[INFO] [stdout] 
[INFO] [stderr] To learn more, run the command again with --verbose.
[INFO] [stderr] warning: build failed, waiting for other jobs to finish...
[INFO] [stdout] error: aborting due to 4 previous errors; 1 warning emitted
[INFO] [stdout] 
[INFO] [stdout] 
[INFO] [stderr] error: build failed
[INFO] [stdout] For more information about this error, try `rustc --explain E0554`.
[INFO] [stdout] 
[INFO] running `Command { std: "docker" "inspect" "7530ca9979bd2e505a9b678b98ac5bfa0a4d2e89caf1463b9cc617221f921066", kill_on_drop: false }`
[INFO] running `Command { std: "docker" "rm" "-f" "7530ca9979bd2e505a9b678b98ac5bfa0a4d2e89caf1463b9cc617221f921066", kill_on_drop: false }`
[INFO] [stdout] 7530ca9979bd2e505a9b678b98ac5bfa0a4d2e89caf1463b9cc617221f921066
